 85. What are the prime factors of o(-12)?
13, 599
Suppose 0 = 3*d - 3 - 12. Let a be ((-5 - -6) + 1)/((-1)/(-13)). Suppose 5*i = k - a, 0 = -k - d*i + 16. List the prime factors of k.
3, 7
Let i(c) = 286*c**2 - 5*c - 56. What are the prime factors of i(-5)?
3, 7, 113
Let b = 6820 + 50544. List the prime factors of b.
2, 14341
Suppose -p - 9 + 6 = h, -5*h + 5*p + 15 = 0. Suppose -6*r - 404 = -7*r - 4*t, h = -2*t + 4. What are the prime factors of r?
2, 3, 11
Let c(n) = -n**3 + 25*n**2 - 18*n + 31. Let w be c(21). Suppose -4*g + w = -m, -4*g - m - 715 = -2130. What are the prime factors of g?
2, 3, 59
Let x(t) = -16*t + 68. Let o be x(4). What are the prime factors of (9824/o)/4*(4 + -3)?
2, 307
Let h be 12/16 - (-54)/(-8). What are the prime factors of (-32796)/(-108) + (-8)/h?
5, 61
What are the prime factors of (-2)/(-16) + ((-8747325)/(-216) - -26)?
7, 827
Let s(t) = -130*t + 21. Let j be s(-8). Let w = j + -535. What are the prime factors of w?
2, 263
Suppose 0 = 5*n + 2*i - 886, -3*n + 440 + 104 = -5*i. List the prime factors of n.
2, 89
Let x be (6/10)/(5/25). Suppose x = 4*p - u, -7*u + 6*u = 5*p - 6. What are the prime factors of (p/3)/(3*3/756)?
2, 7
Let h(m) = -m**2 - 5*m - 4. Let u be h(-3). Suppose -3*s + 5*a = -927, -u*s + 625 = -0*s - a. What are the prime factors of s?
2, 157
Let a(p) = -3*p - 18. Let h be a(-6). Suppose h = 27*r - 26*r + 1. What are the prime factors of (-1224)/45*r*15/6?
2, 17
Let n be (7 - 3)*483/6. Suppose 0 = -3*u + 7*u + s - 314, 0 = -4*u + 3*s + n. List the prime factors of u.
79
Suppose -3*n = -3*q - 123, 0*q + 5*q + 10 = 0. Let c(x) = -19*x - 21 + 34 + 17*x + n*x. List the prime factors of c(3).
2, 31
Let p(j) be the first derivative of 4*j**3/3 + 6*j**2 + 2*j + 12. Let f = 199 + -206. What are the prime factors of p(f)?
2, 3, 19
Let n(k) = 45*k**2 + 10*k - 260. What are the prime factors of n(10)?
2, 5, 7, 31
Let z(d) = 4*d**3 - 2*d**2 + 13*d + 6. Let p be z(-5). What are the prime factors of (40/6)/(1 - (-602)/p)?
2, 5, 29
Let w(j) = 3*j**2 - 15*j - 26. Let h be w(-11). Suppose -2*p = -4*n - h, n = p + 4*n - 251. List the prime factors of p.
251
Suppose -10*g - 5*d + 73705 = -5*g, -3*d = -2*g + 29482. What are the prime factors of g?
14741
Suppose -o + 8308 = 2*m - 14678, 0 = 5*m - 7*o - 57389. What are the prime factors of m?
11489
Suppose -5*n = 13517 + 11483. List the prime factors of n/(-150)*12/5.
2, 5
Let y(h) be the first derivative of -h**4/4 - 2*h**3 - 7*h**2/2 - 3*h + 5. Let i be y(-5). Let c(t) = 10*t - 20. What are the prime factors of c(i)?
2, 5
Suppose 14*t = -4*a + 216192, 99*a - 95*a = 3*t + 216294. What are the prime factors of a?
3, 67, 269
Suppose 56*p - 45 = 51*p. Suppose -r + 720 = -p*r. Let u = -38 - r. What are the prime factors of u?
2, 13
Let x = -181 + 309. Let z = 38 - 15. Let q = x - z. What are the prime factors of q?
3, 5, 7
Let i = -87888 - -136120. What are the prime factors of i?
2, 6029
Let o(s) = s**2 - 2*s - 9. Let g(p) = 2*p + 42. Let i be g(-19). Suppose 0 = -i*c + 9 - 29. What are the prime factors of o(c)?
2, 13
Let t(y) = -y**2 + 3*y - 3. Let j(p) = -p**2 + 4*p - 3. Let u(o) = -3*j(o) + 2*t(o). Let v be u(5). What are the prime factors of 6/10*(91 + v - -6)?
3, 19
Let n = 23 + -23. Suppose -3*f - 2 - 1 = n, -5*x + 2*f + 1757 = 0. List the prime factors of x.
3, 13
Suppose 4*x = 2*j - 322, 30*j - 28*j = 2*x + 312. Let g be 5/(5/4) + 0. Suppose 0 = -g*i + j + 705. List the prime factors of i.
2, 107
Suppose -122387 = 238*b - 196*b - 456329. List the prime factors of b.
7951
Suppose 4*z = -4*i - 36, 2*i = 5*z + 3*i + 25. Let u be z + (-76 - (-2 - -2)). Let v = -24 - u. What are the prime factors of v?
2, 7
Let r = 30314 - 30228. Let f be 2/6 + (-10)/(-6). Suppose 0 = -5*y + 2*m + r, -y + 0*m + 22 = f*m. What are the prime factors of y?
2, 3
Suppose 3*l = 3*r - 312, -3*l = 2*r + 88 - 306. Suppose -674 = -12*s + r. List the prime factors of s.
5, 13
Let t(u) = 527*u**2 - 7*u + 6. Let m be t(2). Let f = m + -1156. List the prime factors of f.
2, 59
Let q = 840 - 1397. Let y = q + 887. What are the prime factors of y?
2, 3, 5, 11
Let i be ((-5)/25 - 24/(-20)) + 5. Suppose r = 5*g + 439, -2*r + g - i*g + 848 = 0. What are the prime factors of r?
3, 11, 13
Suppose -4*m + 3*m = -259. Let o = m - 33. Suppose o + 638 = 9*w. What are the prime factors of w?
2, 3
Let n = -60 + 62. Let g be (n/3)/(37/9 + -4). Let f(z) = 22*z + 13. What are the prime factors of f(g)?
5, 29
Suppose 130075 = 2*t - 39*g + 38*g, -6 = 2*g. What are the prime factors of t?
2, 71, 229
Suppose 5*z - 2*y + 52 = z, -y = 4*z + 40. Let b(l) = 8*l**2 + 35*l - 2. What are the prime factors of b(z)?
7, 83
Let w = -15261 + 23976. What are the prime factors of w?
3, 5, 7, 83
Suppose 0 = -4*t + 3*b + 11006 + 16667, -5*b = -5*t + 34590. What are the prime factors of t?
11, 17, 37
Let d = 26276 - 17819. List the prime factors of d.
3, 2819
Suppose 10*v + 600 = 14*v. Let d = v - -115. What are the prime factors of d?
5, 53
Suppose 0 = 4*r + 5*v - 11, -4*r - 3*v + 14 = -v. Suppose -82 = -5*b - r*t, 3*t - 12 = -b + 11. Suppose -4*o + b = -3*o. List the prime factors of o.
2, 7
Let x = -4 - -5. Let w(d) = 43 + 123*d**2 + 15 - 6*d - 51. List the prime factors of w(x).
2, 31
Let d(p) = 11*p**2 - 15*p - 20. Let j(x) = 23*x**2 - 31*x - 41. Let l(b) = 9*d(b) - 4*j(b). List the prime factors of l(-5).
2, 107
Suppose 74*o = 72*o. Suppose -32*w - 8542 + 32030 = o. List the prime factors of w.
2, 367
Let q be (-2)/6 - (-20465)/15. Suppose 25*y = 29*y - q. List the prime factors of y.
11, 31
Suppose 168*a - 166*a = 6. Suppose 0 = l + 8*n - 4*n - 194, a*n = -9. What are the prime factors of l?
2, 103
Let w(q) = -q**2 - 7*q - 8. Let n be w(-4). Let l be 4*-1*n/(-8). Suppose -5*y + 24 = l*g, -5*g + 5*y + 11 = -49. List the prime factors of g.
2, 3
Suppose 3*l + 3*i - 54509 = 10366, -2*l = i - 43257. List the prime factors of l.
2, 13
Suppose 812*f - 137358 = 794*f. List the prime factors of f.
13, 587
Let j = -21083 - -37345. List the prime factors of j.
2, 47, 173
Let q(x) = -x**3 + 25*x**2 + 2*x - 41. Let v be q(25). What are the prime factors of (-36)/v + -1 + 1505?
2, 3, 5
Suppose 9*u - 2*u = -2*u. Suppose u = -7*n + 5*n - 2. What are the prime factors of n/((-12)/(-9)) + (-1788)/(-16)?
3, 37
Let s = 6555 + -4597. Let n = s + -1003. List the prime factors of n.
5, 191
Suppose -427 = 15*o - 8*o. Let d = 92 + o. List the prime factors of d.
31
Let y(c) = 32*c**2 - 102*c + 1171. List the prime factors of y(14).
3, 5, 401
What are the prime factors of (71848/84)/(4/6)?
1283
Let u = -51 + 35. Let f be 381/(-12) - (-4)/u. Let g = 75 + f. What are the prime factors of g?
43
Let t(i) = i**2 - i. Let r be t(3). Let j = r + -16. List the prime factors of (-4)/(-6)*5/j*-426.
2, 71
Let f = -1427 - -10015. What are the prime factors of f?
2, 19, 113
Let a(v) be the second derivative of -17*v**3/3 - 111*v**2/2 + 6*v + 4. List the prime factors of a(-6).
3, 31
Let h(c) = -c**3 + 17*c**2 - 14*c - 21. Let d = 80 + -86. Let w be (-8)/(-48) - 95/d. What are the prime factors of h(w)?
11
Let n(j) be the first derivative of 122*j**3/3 - 13*j**2/2 + 5*j + 190. What are the prime factors of n(2)?
467
Let x(c) = -10*c**3 - c**2 + 14*c + 14. What are the prime factors of x(-4)?
2, 3, 97
Let v(z) be the first derivative of 9*z**4/2 + 5*z**3/3 - 3*z**2 + 3*z + 7. Suppose 5*s = 3*q + 13, 5*s - 4*q + 5 - 19 = 0. What are the prime factors of v(s)?
5, 31
Let z(j) = 2012*j**2 + 127*j + 129. List the prime factors of z(-1).
2, 19, 53
Let n(j) = -212*j**3 - j**2 + 8*j - 6. Let u be n(1). Suppose 4*m = -f + 31 + 272, -3*f + 894 = -3*m. Let l = f + u. List the prime factors of l.
2, 11
Let h be (-4)/(-1 - 5/(-3)). Let a be (-8)/h*(5 + -2). Suppose 5*m - 314 = -4*s + 16, -2*s - 290 = -a*m. What are the prime factors of m?
2, 5, 7
Let t(v) = -3*v**2 - 16*v - 3. Let s be t(-5). Suppose 0*u + 189 = 3*n - u, -63 = -n + s*u. List the prime factors of (-158)/3*n/(-14).
3, 79
Let g(x) = -6*x + 6. Let p be g(-6). Suppose -34 = -2*f - p. What are the prime factors of (-2510)/f*14/35?
251
Suppose -11*c - 41*c + 413972 = 0. What are the prime factors of c?
19, 419
Suppose -101568 = 329*f - 353*f. What are the prime factors of f?
2, 23
Suppose -3*v = -72 - 309. Suppos